{"id":7801,"date":"2024-04-24T20:49:48","date_gmt":"2024-04-24T20:49:48","guid":{"rendered":"https:\/\/consultamx.com\/?page_id=7801"},"modified":"2025-01-21T18:17:29","modified_gmt":"2025-01-21T18:17:29","slug":"desarrollados-por-consulta","status":"publish","type":"page","link":"https:\/\/consultamx.com\/?page_id=7801","title":{"rendered":"Desarrollados por Consulta"},"content":{"rendered":"<div class=\"wpb-content-wrapper\"><p>[vc_row][vc_column][vc_empty_space height=\u00bb25px\u00bb][vc_media_grid style=\u00bblazy\u00bb gap=\u00bb10&#8243; item=\u00bb7803&#8243; css=\u00bb\u00bb grid_id=\u00bbvc_gid:1717093221220-7a9b88bb-c5b2-5&#8243; include=\u00bb7815,7822,7971&#8243;][vc_empty_space height=\u00bb80px\u00bb][\/vc_column][\/vc_row]<\/p>\n<\/div>","protected":false},"excerpt":{"rendered":"<p>[vc_row][vc_column][vc_empty_space height=\u00bb25px\u00bb][vc_media_grid style=\u00bblazy\u00bb gap=\u00bb10&#8243; item=\u00bb7803&#8243; css=\u00bb\u00bb grid_id=\u00bbvc_gid:1717093221220-7a9b88bb-c5b2-5&#8243; include=\u00bb7815,7822,7971&#8243;][vc_empty_space height=\u00bb80px\u00bb][\/vc_column][\/vc_row]<\/p>\n","protected":false},"author":1,"featured_media":0,"parent":0,"menu_order":0,"comment_status":"closed","ping_status":"closed","template":"","meta":{"_joinchat":[],"footnotes":""},"yoast_head":"<!-- This site is optimized with the Yoast SEO plugin v24.3 - https:\/\/yoast.com\/wordpress\/plugins\/seo\/ -->\n<title>Desarrollados por Consulta - Consulta<\/title>\n<meta name=\"description\" content=\"Conoce nuestros desarrollos. Contamos con proyectos inmobiliarios propios en Obreg\u00f3n, Sonora; M\u00e9rida, Yucat\u00e1n; y Jocotepec, Jalisco.\" \/>\n<meta name=\"robots\" content=\"index, follow, max-snippet:-1, max-image-preview:large, max-video-preview:-1\" \/>\n<link rel=\"canonical\" href=\"https:\/\/consultamx.com\/?page_id=7801\" \/>\n<meta property=\"og:locale\" content=\"es_ES\" \/>\n<meta property=\"og:type\" content=\"article\" \/>\n<meta property=\"og:title\" content=\"Desarrollados por Consulta - Consulta\" \/>\n<meta property=\"og:description\" content=\"Conoce nuestros desarrollos. Contamos con proyectos inmobiliarios propios en Obreg\u00f3n, Sonora; M\u00e9rida, Yucat\u00e1n; y Jocotepec, Jalisco.\" \/>\n<meta property=\"og:url\" content=\"https:\/\/consultamx.com\/?page_id=7801\" \/>\n<meta property=\"og:site_name\" content=\"Consulta\" \/>\n<meta property=\"article:publisher\" content=\"https:\/\/www.facebook.com\/ConsultaMx\/\" \/>\n<meta property=\"article:modified_time\" content=\"2025-01-21T18:17:29+00:00\" \/>\n<meta name=\"twitter:card\" content=\"summary_large_image\" \/>\n<meta name=\"twitter:label1\" content=\"Tiempo de lectura\" \/>\n\t<meta name=\"twitter:data1\" content=\"1 minuto\" \/>\n<script type=\"application\/ld+json\" class=\"yoast-schema-graph\">{\"@context\":\"https:\/\/schema.org\",\"@graph\":[{\"@type\":\"WebPage\",\"@id\":\"https:\/\/consultamx.com\/?page_id=7801\",\"url\":\"https:\/\/consultamx.com\/?page_id=7801\",\"name\":\"Desarrollados por Consulta - Consulta\",\"isPartOf\":{\"@id\":\"https:\/\/consultamx.com\/#website\"},\"datePublished\":\"2024-04-24T20:49:48+00:00\",\"dateModified\":\"2025-01-21T18:17:29+00:00\",\"description\":\"Conoce nuestros desarrollos. Contamos con proyectos inmobiliarios propios en Obreg\u00f3n, Sonora; M\u00e9rida, Yucat\u00e1n; y Jocotepec, Jalisco.\",\"breadcrumb\":{\"@id\":\"https:\/\/consultamx.com\/?page_id=7801#breadcrumb\"},\"inLanguage\":\"es\",\"potentialAction\":[{\"@type\":\"ReadAction\",\"target\":[\"https:\/\/consultamx.com\/?page_id=7801\"]}]},{\"@type\":\"BreadcrumbList\",\"@id\":\"https:\/\/consultamx.com\/?page_id=7801#breadcrumb\",\"itemListElement\":[{\"@type\":\"ListItem\",\"position\":1,\"name\":\"Portada\",\"item\":\"https:\/\/consultamx.com\/\"},{\"@type\":\"ListItem\",\"position\":2,\"name\":\"Desarrollados por Consulta\"}]},{\"@type\":\"WebSite\",\"@id\":\"https:\/\/consultamx.com\/#website\",\"url\":\"https:\/\/consultamx.com\/\",\"name\":\"consultamx.com\",\"description\":\"Consultor\u00eda Inmobiliaria\",\"publisher\":{\"@id\":\"https:\/\/consultamx.com\/#organization\"},\"potentialAction\":[{\"@type\":\"SearchAction\",\"target\":{\"@type\":\"EntryPoint\",\"urlTemplate\":\"https:\/\/consultamx.com\/?s={search_term_string}\"},\"query-input\":{\"@type\":\"PropertyValueSpecification\",\"valueRequired\":true,\"valueName\":\"search_term_string\"}}],\"inLanguage\":\"es\"},{\"@type\":\"Organization\",\"@id\":\"https:\/\/consultamx.com\/#organization\",\"name\":\"Consulta\",\"url\":\"https:\/\/consultamx.com\/\",\"logo\":{\"@type\":\"ImageObject\",\"inLanguage\":\"es\",\"@id\":\"https:\/\/consultamx.com\/#\/schema\/logo\/image\/\",\"url\":\"https:\/\/consultamx.com\/wp-content\/uploads\/2025\/01\/Consulta-Logo-PNG.png\",\"contentUrl\":\"https:\/\/consultamx.com\/wp-content\/uploads\/2025\/01\/Consulta-Logo-PNG.png\",\"width\":1000,\"height\":1000,\"caption\":\"Consulta\"},\"image\":{\"@id\":\"https:\/\/consultamx.com\/#\/schema\/logo\/image\/\"},\"sameAs\":[\"https:\/\/www.facebook.com\/ConsultaMx\/\",\"https:\/\/www.instagram.com\/consulta.mx\/\",\"https:\/\/www.linkedin.com\/company\/consultamx\/\"]}]}<\/script>\n<!-- \/ Yoast SEO plugin. -->","yoast_head_json":{"title":"Desarrollados por Consulta - Consulta","description":"Conoce nuestros desarrollos. Contamos con proyectos inmobiliarios propios en Obreg\u00f3n, Sonora; M\u00e9rida, Yucat\u00e1n; y Jocotepec, Jalisco.","robots":{"index":"index","follow":"follow","max-snippet":"max-snippet:-1","max-image-preview":"max-image-preview:large","max-video-preview":"max-video-preview:-1"},"canonical":"https:\/\/consultamx.com\/?page_id=7801","og_locale":"es_ES","og_type":"article","og_title":"Desarrollados por Consulta - Consulta","og_description":"Conoce nuestros desarrollos. Contamos con proyectos inmobiliarios propios en Obreg\u00f3n, Sonora; M\u00e9rida, Yucat\u00e1n; y Jocotepec, Jalisco.","og_url":"https:\/\/consultamx.com\/?page_id=7801","og_site_name":"Consulta","article_publisher":"https:\/\/www.facebook.com\/ConsultaMx\/","article_modified_time":"2025-01-21T18:17:29+00:00","twitter_card":"summary_large_image","twitter_misc":{"Tiempo de lectura":"1 minuto"},"schema":{"@context":"https:\/\/schema.org","@graph":[{"@type":"WebPage","@id":"https:\/\/consultamx.com\/?page_id=7801","url":"https:\/\/consultamx.com\/?page_id=7801","name":"Desarrollados por Consulta - Consulta","isPartOf":{"@id":"https:\/\/consultamx.com\/#website"},"datePublished":"2024-04-24T20:49:48+00:00","dateModified":"2025-01-21T18:17:29+00:00","description":"Conoce nuestros desarrollos. Contamos con proyectos inmobiliarios propios en Obreg\u00f3n, Sonora; M\u00e9rida, Yucat\u00e1n; y Jocotepec, Jalisco.","breadcrumb":{"@id":"https:\/\/consultamx.com\/?page_id=7801#breadcrumb"},"inLanguage":"es","potentialAction":[{"@type":"ReadAction","target":["https:\/\/consultamx.com\/?page_id=7801"]}]},{"@type":"BreadcrumbList","@id":"https:\/\/consultamx.com\/?page_id=7801#breadcrumb","itemListElement":[{"@type":"ListItem","position":1,"name":"Portada","item":"https:\/\/consultamx.com\/"},{"@type":"ListItem","position":2,"name":"Desarrollados por Consulta"}]},{"@type":"WebSite","@id":"https:\/\/consultamx.com\/#website","url":"https:\/\/consultamx.com\/","name":"consultamx.com","description":"Consultor\u00eda Inmobiliaria","publisher":{"@id":"https:\/\/consultamx.com\/#organization"},"potentialAction":[{"@type":"SearchAction","target":{"@type":"EntryPoint","urlTemplate":"https:\/\/consultamx.com\/?s={search_term_string}"},"query-input":{"@type":"PropertyValueSpecification","valueRequired":true,"valueName":"search_term_string"}}],"inLanguage":"es"},{"@type":"Organization","@id":"https:\/\/consultamx.com\/#organization","name":"Consulta","url":"https:\/\/consultamx.com\/","logo":{"@type":"ImageObject","inLanguage":"es","@id":"https:\/\/consultamx.com\/#\/schema\/logo\/image\/","url":"https:\/\/consultamx.com\/wp-content\/uploads\/2025\/01\/Consulta-Logo-PNG.png","contentUrl":"https:\/\/consultamx.com\/wp-content\/uploads\/2025\/01\/Consulta-Logo-PNG.png","width":1000,"height":1000,"caption":"Consulta"},"image":{"@id":"https:\/\/consultamx.com\/#\/schema\/logo\/image\/"},"sameAs":["https:\/\/www.facebook.com\/ConsultaMx\/","https:\/\/www.instagram.com\/consulta.mx\/","https:\/\/www.linkedin.com\/company\/consultamx\/"]}]}},"_links":{"self":[{"href":"https:\/\/consultamx.com\/index.php?rest_route=\/wp\/v2\/pages\/7801"}],"collection":[{"href":"https:\/\/consultamx.com\/index.php?rest_route=\/wp\/v2\/pages"}],"about":[{"href":"https:\/\/consultamx.com\/index.php?rest_route=\/wp\/v2\/types\/page"}],"author":[{"embeddable":true,"href":"https:\/\/consultamx.com\/index.php?rest_route=\/wp\/v2\/users\/1"}],"replies":[{"embeddable":true,"href":"https:\/\/consultamx.com\/index.php?rest_route=%2Fwp%2Fv2%2Fcomments&post=7801"}],"version-history":[{"count":16,"href":"https:\/\/consultamx.com\/index.php?rest_route=\/wp\/v2\/pages\/7801\/revisions"}],"predecessor-version":[{"id":8078,"href":"https:\/\/consultamx.com\/index.php?rest_route=\/wp\/v2\/pages\/7801\/revisions\/8078"}],"wp:attachment":[{"href":"https:\/\/consultamx.com\/index.php?rest_route=%2Fwp%2Fv2%2Fmedia&parent=7801"}],"curies":[{"name":"wp","href":"https:\/\/api.w.org\/{rel}","templated":true}]}}